{"id":393,"date":"2026-04-21T20:03:05","date_gmt":"2026-04-21T20:03:05","guid":{"rendered":"https:\/\/vidasilvestre.eu\/?post_type=tribe_events&#038;p=393"},"modified":"2026-04-21T20:08:57","modified_gmt":"2026-04-21T20:08:57","slug":"talleres-de-plantacion-de-especies-agricolas-autoctonas-en-las-escuelas-de-moncada","status":"publish","type":"tribe_events","link":"https:\/\/vidasilvestre.eu\/ca\/event\/talleres-de-plantacion-de-especies-agricolas-autoctonas-en-las-escuelas-de-moncada\/","title":{"rendered":"Talleres de plantaci\u00f3n de especies agr\u00edcolas aut\u00f3ctonas en las escuelas de Moncada"},"content":{"rendered":"<p><img loading=\"lazy\" decoding=\"async\" class=\"alignnone  wp-image-400\" src=\"http:\/\/vidasilvestre.eu\/wp-content\/uploads\/2026\/04\/IMG_20260204_101758-135x300.jpg\" alt=\"\" width=\"184\" height=\"409\" srcset=\"https:\/\/vidasilvestre.eu\/wp-content\/uploads\/2026\/04\/IMG_20260204_101758-135x300.jpg 135w, https:\/\/vidasilvestre.eu\/wp-content\/uploads\/2026\/04\/IMG_20260204_101758-462x1024.jpg 462w, https:\/\/vidasilvestre.eu\/wp-content\/uploads\/2026\/04\/IMG_20260204_101758-768x1703.jpg 768w, https:\/\/vidasilvestre.eu\/wp-content\/uploads\/2026\/04\/IMG_20260204_101758-693x1536.jpg 693w, https:\/\/vidasilvestre.eu\/wp-content\/uploads\/2026\/04\/IMG_20260204_101758-924x2048.jpg 924w, https:\/\/vidasilvestre.eu\/wp-content\/uploads\/2026\/04\/IMG_20260204_101758-5x12.jpg 5w, https:\/\/vidasilvestre.eu\/wp-content\/uploads\/2026\/04\/IMG_20260204_101758-scaled.jpg 1155w\" sizes=\"auto, (max-width: 184px) 100vw, 184px\" \/><\/p>\n<p>&nbsp;<\/p>\n<p>Este mes de febrero, los d\u00edas 2,3 y4 hemos realizado unos talleres de plantaci\u00f3n escolar de semillas de plantas agr\u00edcolas tradicionales de la comunidad valenciana, en cinco colegios de Moncada Valencia, en colaboraci\u00f3n con Ayuntamiento de Moncada. Tres variedades de tomates valencianos: Masclet, Rosa d\u00b4Altea, Blanca; Pimiento Valenciano, Berenjena Blanca, lechugas &#8220;Orella de burro&#8221; y Meravella d\u00b4Espad\u00e1. Muchas gracias al CIEF (BANCO DE SEMILLAS DE LA COMUNIDAD VALENCIANA) por la entrega de semillas para estos talleres y su contribuci\u00f3n al sostenimiento de la agricultura tradicional valenciana.<\/p>\n<p>&nbsp;<\/p>\n<p>&nbsp;<\/p>\n<p><img loading=\"lazy\" decoding=\"async\" class=\"alignnone wp-image-398\" src=\"http:\/\/vidasilvestre.eu\/wp-content\/uploads\/2026\/04\/IMG_20260202_100430-135x300.jpg\" alt=\"\" width=\"230\" height=\"511\" srcset=\"https:\/\/vidasilvestre.eu\/wp-content\/uploads\/2026\/04\/IMG_20260202_100430-135x300.jpg 135w, https:\/\/vidasilvestre.eu\/wp-content\/uploads\/2026\/04\/IMG_20260202_100430-462x1024.jpg 462w, https:\/\/vidasilvestre.eu\/wp-content\/uploads\/2026\/04\/IMG_20260202_100430-768x1703.jpg 768w, https:\/\/vidasilvestre.eu\/wp-content\/uploads\/2026\/04\/IMG_20260202_100430-693x1536.jpg 693w, https:\/\/vidasilvestre.eu\/wp-content\/uploads\/2026\/04\/IMG_20260202_100430-924x2048.jpg 924w, https:\/\/vidasilvestre.eu\/wp-content\/uploads\/2026\/04\/IMG_20260202_100430-5x12.jpg 5w, https:\/\/vidasilvestre.eu\/wp-content\/uploads\/2026\/04\/IMG_20260202_100430-scaled.jpg 1155w\" sizes=\"auto, (max-width: 230px) 100vw, 230px\" \/><\/p>","protected":false},"excerpt":{"rendered":"<p>&nbsp; Este mes de febrero, los d\u00edas 2,3 y4 hemos realizado unos talleres de plantaci\u00f3n escolar de semillas de plantas agr\u00edcolas tradicionales de la comunidad valenciana, en cinco colegios de [&hellip;]<\/p>\n","protected":false},"author":1,"featured_media":0,"template":"","meta":{"_price":"","_stock":"","_tribe_ticket_header":"","_tribe_default_ticket_provider":"","_tribe_ticket_capacity":"0","_ticket_start_date":"","_ticket_end_date":"","_tribe_ticket_show_description":"","_tribe_ticket_show_not_going":false,"_tribe_ticket_use_global_stock":"","_tribe_ticket_global_stock_level":"","_global_stock_mode":"","_global_stock_cap":"","_tribe_rsvp_for_event":"","_tribe_ticket_going_count":"","_tribe_ticket_not_going_count":"","_tribe_tickets_list":"[]","_tribe_ticket_has_attendee_info_fields":false,"_tribe_events_status":"","_tribe_events_status_reason":"","footnotes":"","_tec_slr_enabled":"","_tec_slr_layout":""},"tags":[],"tribe_events_cat":[],"class_list":["post-393","tribe_events","type-tribe_events","status-publish","hentry"],"ticketed":false,"_links":{"self":[{"href":"https:\/\/vidasilvestre.eu\/ca\/wp-json\/wp\/v2\/tribe_events\/393","targetHints":{"allow":["GET"]}}],"collection":[{"href":"https:\/\/vidasilvestre.eu\/ca\/wp-json\/wp\/v2\/tribe_events"}],"about":[{"href":"https:\/\/vidasilvestre.eu\/ca\/wp-json\/wp\/v2\/types\/tribe_events"}],"author":[{"embeddable":true,"href":"https:\/\/vidasilvestre.eu\/ca\/wp-json\/wp\/v2\/users\/1"}],"version-history":[{"count":4,"href":"https:\/\/vidasilvestre.eu\/ca\/wp-json\/wp\/v2\/tribe_events\/393\/revisions"}],"predecessor-version":[{"id":401,"href":"https:\/\/vidasilvestre.eu\/ca\/wp-json\/wp\/v2\/tribe_events\/393\/revisions\/401"}],"wp:attachment":[{"href":"https:\/\/vidasilvestre.eu\/ca\/wp-json\/wp\/v2\/media?parent=393"}],"wp:term":[{"taxonomy":"post_tag","embeddable":true,"href":"https:\/\/vidasilvestre.eu\/ca\/wp-json\/wp\/v2\/tags?post=393"},{"taxonomy":"tribe_events_cat","embeddable":true,"href":"https:\/\/vidasilvestre.eu\/ca\/wp-json\/wp\/v2\/tribe_events_cat?post=393"}],"curies":[{"name":"wp","href":"https:\/\/api.w.org\/{rel}","templated":true}]}}

Talleres de plantación de especies agrícolas autóctonas en las escuelas de Moncada

<p><img loading="lazy" decoding="async" class="alignnone  wp-image-400" src="http://vidasilvestre.eu/wp-content/uploads/2026/04/IMG_20260204_101758-135x300.jpg" alt="" width="184" height="409" srcset="https://vidasilvestre.eu/wp-content/uploads/2026/04/IMG_20260204_101758-135x300.jpg 135w, https://vidasilvestre.eu/wp-content/uploads/2026/04/IMG_20260204_101758-462x1024.jpg 462w, https://vidasilvestre.eu/wp-content/uploads/2026/04/IMG_20260204_101758-768x1703.jpg 768w, https://vidasilvestre.eu/wp-content/uploads/2026/04/IMG_20260204_101758-693x1536.jpg 693w, https://vidasilvestre.eu/wp-content/uploads/2026/04/IMG_20260204_101758-924x2048.jpg 924w, https://vidasilvestre.eu/wp-content/uploads/2026/04/IMG_20260204_101758-5x12.jpg 5w, https://vidasilvestre.eu/wp-content/uploads/2026/04/IMG_20260204_101758-scaled.jpg 1155w" sizes="auto, (max-width: 184px) 100vw, 184px" /></p>
<p>&nbsp;</p>
<p>Este mes de febrero, los días 2,3 y4 hemos realizado unos talleres de plantación escolar de semillas de plantas agrícolas tradicionales de la comunidad valenciana, en cinco colegios de Moncada Valencia, en colaboración con Ayuntamiento de Moncada. Tres variedades de tomates valencianos: Masclet, Rosa d´Altea, Blanca; Pimiento Valenciano, Berenjena Blanca, lechugas &#8220;Orella de burro&#8221; y Meravella d´Espadá. Muchas gracias al CIEF (BANCO DE SEMILLAS DE LA COMUNIDAD VALENCIANA) por la entrega de semillas para estos talleres y su contribución al sostenimiento de la agricultura tradicional valenciana.</p>
<p>&nbsp;</p>
<p>&nbsp;</p>
<p><img loading="lazy" decoding="async" class="alignnone wp-image-398" src="http://vidasilvestre.eu/wp-content/uploads/2026/04/IMG_20260202_100430-135x300.jpg" alt="" width="230" height="511" srcset="https://vidasilvestre.eu/wp-content/uploads/2026/04/IMG_20260202_100430-135x300.jpg 135w, https://vidasilvestre.eu/wp-content/uploads/2026/04/IMG_20260202_100430-462x1024.jpg 462w, https://vidasilvestre.eu/wp-content/uploads/2026/04/IMG_20260202_100430-768x1703.jpg 768w, https://vidasilvestre.eu/wp-content/uploads/2026/04/IMG_20260202_100430-693x1536.jpg 693w, https://vidasilvestre.eu/wp-content/uploads/2026/04/IMG_20260202_100430-924x2048.jpg 924w, https://vidasilvestre.eu/wp-content/uploads/2026/04/IMG_20260202_100430-5x12.jpg 5w, https://vidasilvestre.eu/wp-content/uploads/2026/04/IMG_20260202_100430-scaled.jpg 1155w" sizes="auto, (max-width: 230px) 100vw, 230px" /></p>

<p>&nbsp; Este mes de febrero, los días 2,3 y4 hemos realizado unos talleres de plantación escolar de semillas de plantas agrícolas tradicionales de la comunidad valenciana, en cinco colegios de [&hellip;]</p>
