{"id":267,"date":"2026-03-31T19:46:50","date_gmt":"2026-03-31T19:46:50","guid":{"rendered":"http:\/\/vidasilvestre.eu\/?post_type=tribe_events&#038;p=267"},"modified":"2026-03-31T20:06:34","modified_gmt":"2026-03-31T20:06:34","slug":"entrega-de-premios-del-periodico-de-aqui-invitacio-xiii-premis-el-periodico-de-aqui-lhorta-nord","status":"publish","type":"tribe_events","link":"https:\/\/vidasilvestre.eu\/ca\/event\/entrega-de-premios-del-periodico-de-aqui-invitacio-xiii-premis-el-periodico-de-aqui-lhorta-nord\/","title":{"rendered":"Entrega de premios del peri\u00f3dico de Aqu\u00ed: INVITACI\u00d3 XIII PREMIS EL PERI\u00d3DICO DE AQU\u00cd L\u00b4HORTA NORD"},"content":{"rendered":"<p>Fuimos invitados a la entrega de premios y ah\u00ed estamos cuatro<\/p>\n<p>Estimats Senyors i Senyores;<\/p>\n<p>Pere Valenciano t\u00e9 el plaer de convidar-los a la\u00a0<strong>XIII edici\u00f3 dels PREMIS EL PERI\u00d3DICO DE AQU\u00cd L\u00b4HORTA NORD<\/strong>. La cita tindr\u00e0 lloc el pr\u00f2xim 24 de febrer, a les 19.30h, en El Huerto de Santa Mar\u00eda. En finalitzar hi haur\u00e0 un vi d&#8217;honor per a tots els convidats. L\u00b4acte estar\u00e0 presentat per l\u00b4humorista La T\u00eda Visantica d\u00b4Albal.<\/p>\n<p>Poden fer extensiva la invitaci\u00f3 a la junta directiva i associats i confirmar assist\u00e8ncia a\u00a0<a href=\"mailto:secretaria@elperiodicodeaqui.com\" target=\"_blank\" rel=\"noopener\">secretaria@elperiodicodeaqui.<wbr \/>com<\/a><\/p>\n<p>Esperant comptar amb la seua pres\u00e8ncia m&#8217;acomiade amb una afectuosa salutaci\u00f3.<\/p>\n<p>&nbsp;<\/p>\n<p>&nbsp;<\/p>\n<p>&nbsp;<\/p>\n<p>.:\u00a0<img loading=\"lazy\" decoding=\"async\" class=\"alignnone wp-image-268\" src=\"http:\/\/vidasilvestre.eu\/wp-content\/uploads\/2026\/03\/WhatsApp-Image-2026-02-27-at-12.43.54-1-300x138.jpeg\" alt=\"\" width=\"627\" height=\"288\" srcset=\"https:\/\/vidasilvestre.eu\/wp-content\/uploads\/2026\/03\/WhatsApp-Image-2026-02-27-at-12.43.54-1-300x138.jpeg 300w, https:\/\/vidasilvestre.eu\/wp-content\/uploads\/2026\/03\/WhatsApp-Image-2026-02-27-at-12.43.54-1-1024x472.jpeg 1024w, https:\/\/vidasilvestre.eu\/wp-content\/uploads\/2026\/03\/WhatsApp-Image-2026-02-27-at-12.43.54-1-768x354.jpeg 768w, https:\/\/vidasilvestre.eu\/wp-content\/uploads\/2026\/03\/WhatsApp-Image-2026-02-27-at-12.43.54-1-1536x707.jpeg 1536w, https:\/\/vidasilvestre.eu\/wp-content\/uploads\/2026\/03\/WhatsApp-Image-2026-02-27-at-12.43.54-1-18x8.jpeg 18w, https:\/\/vidasilvestre.eu\/wp-content\/uploads\/2026\/03\/WhatsApp-Image-2026-02-27-at-12.43.54-1.jpeg 2048w\" sizes=\"auto, (max-width: 627px) 100vw, 627px\" \/><img loading=\"lazy\" decoding=\"async\" class=\"alignnone wp-image-269\" src=\"http:\/\/vidasilvestre.eu\/wp-content\/uploads\/2026\/03\/WhatsApp-Image-2026-02-23-at-22.55.47-300x168.jpeg\" alt=\"\" width=\"508\" height=\"284\" srcset=\"https:\/\/vidasilvestre.eu\/wp-content\/uploads\/2026\/03\/WhatsApp-Image-2026-02-23-at-22.55.47-300x168.jpeg 300w, https:\/\/vidasilvestre.eu\/wp-content\/uploads\/2026\/03\/WhatsApp-Image-2026-02-23-at-22.55.47-1024x572.jpeg 1024w, https:\/\/vidasilvestre.eu\/wp-content\/uploads\/2026\/03\/WhatsApp-Image-2026-02-23-at-22.55.47-768x429.jpeg 768w, https:\/\/vidasilvestre.eu\/wp-content\/uploads\/2026\/03\/WhatsApp-Image-2026-02-23-at-22.55.47-1536x858.jpeg 1536w, https:\/\/vidasilvestre.eu\/wp-content\/uploads\/2026\/03\/WhatsApp-Image-2026-02-23-at-22.55.47-18x10.jpeg 18w, https:\/\/vidasilvestre.eu\/wp-content\/uploads\/2026\/03\/WhatsApp-Image-2026-02-23-at-22.55.47.jpeg 2048w\" sizes=\"auto, (max-width: 508px) 100vw, 508px\" \/><\/p>","protected":false},"excerpt":{"rendered":"<p>Fuimos invitados a la entrega de premios y ah\u00ed estamos cuatro Estimats Senyors i Senyores; Pere Valenciano t\u00e9 el plaer de convidar-los a la\u00a0XIII edici\u00f3 dels PREMIS EL PERI\u00d3DICO DE [&hellip;]<\/p>\n","protected":false},"author":1,"featured_media":0,"template":"","meta":{"_price":"","_stock":"","_tribe_ticket_header":"","_tribe_default_ticket_provider":"","_tribe_ticket_capacity":"0","_ticket_start_date":"","_ticket_end_date":"","_tribe_ticket_show_description":"","_tribe_ticket_show_not_going":false,"_tribe_ticket_use_global_stock":"","_tribe_ticket_global_stock_level":"","_global_stock_mode":"","_global_stock_cap":"","_tribe_rsvp_for_event":"","_tribe_ticket_going_count":"","_tribe_ticket_not_going_count":"","_tribe_tickets_list":"[]","_tribe_ticket_has_attendee_info_fields":false,"_tribe_events_status":"","_tribe_events_status_reason":"","footnotes":"","_tec_slr_enabled":"","_tec_slr_layout":""},"tags":[],"tribe_events_cat":[],"class_list":["post-267","tribe_events","type-tribe_events","status-publish","hentry"],"ticketed":false,"_links":{"self":[{"href":"https:\/\/vidasilvestre.eu\/ca\/wp-json\/wp\/v2\/tribe_events\/267","targetHints":{"allow":["GET"]}}],"collection":[{"href":"https:\/\/vidasilvestre.eu\/ca\/wp-json\/wp\/v2\/tribe_events"}],"about":[{"href":"https:\/\/vidasilvestre.eu\/ca\/wp-json\/wp\/v2\/types\/tribe_events"}],"author":[{"embeddable":true,"href":"https:\/\/vidasilvestre.eu\/ca\/wp-json\/wp\/v2\/users\/1"}],"version-history":[{"count":1,"href":"https:\/\/vidasilvestre.eu\/ca\/wp-json\/wp\/v2\/tribe_events\/267\/revisions"}],"predecessor-version":[{"id":270,"href":"https:\/\/vidasilvestre.eu\/ca\/wp-json\/wp\/v2\/tribe_events\/267\/revisions\/270"}],"wp:attachment":[{"href":"https:\/\/vidasilvestre.eu\/ca\/wp-json\/wp\/v2\/media?parent=267"}],"wp:term":[{"taxonomy":"post_tag","embeddable":true,"href":"https:\/\/vidasilvestre.eu\/ca\/wp-json\/wp\/v2\/tags?post=267"},{"taxonomy":"tribe_events_cat","embeddable":true,"href":"https:\/\/vidasilvestre.eu\/ca\/wp-json\/wp\/v2\/tribe_events_cat?post=267"}],"curies":[{"name":"wp","href":"https:\/\/api.w.org\/{rel}","templated":true}]}}

Entrega de premios del periódico de Aquí: INVITACIÓ XIII PREMIS EL PERIÓDICO DE AQUÍ L´HORTA NORD

<p>Fuimos invitados a la entrega de premios y ahí estamos cuatro</p>
<p>Estimats Senyors i Senyores;</p>
<p>Pere Valenciano té el plaer de convidar-los a la <strong>XIII edició dels PREMIS EL PERIÓDICO DE AQUÍ L´HORTA NORD</strong>. La cita tindrà lloc el pròxim 24 de febrer, a les 19.30h, en El Huerto de Santa María. En finalitzar hi haurà un vi d&#8217;honor per a tots els convidats. L´acte estarà presentat per l´humorista La Tía Visantica d´Albal.</p>
<p>Poden fer extensiva la invitació a la junta directiva i associats i confirmar assistència a <a href="mailto:secretaria@elperiodicodeaqui.com" target="_blank" rel="noopener">secretaria@elperiodicodeaqui.<wbr />com</a></p>
<p>Esperant comptar amb la seua presència m&#8217;acomiade amb una afectuosa salutació.</p>
<p>&nbsp;</p>
<p>&nbsp;</p>
<p>&nbsp;</p>
<p>.: <img loading="lazy" decoding="async" class="alignnone wp-image-268" src="http://vidasilvestre.eu/wp-content/uploads/2026/03/WhatsApp-Image-2026-02-27-at-12.43.54-1-300x138.jpeg" alt="" width="627" height="288" srcset="https://vidasilvestre.eu/wp-content/uploads/2026/03/WhatsApp-Image-2026-02-27-at-12.43.54-1-300x138.jpeg 300w, https://vidasilvestre.eu/wp-content/uploads/2026/03/WhatsApp-Image-2026-02-27-at-12.43.54-1-1024x472.jpeg 1024w, https://vidasilvestre.eu/wp-content/uploads/2026/03/WhatsApp-Image-2026-02-27-at-12.43.54-1-768x354.jpeg 768w, https://vidasilvestre.eu/wp-content/uploads/2026/03/WhatsApp-Image-2026-02-27-at-12.43.54-1-1536x707.jpeg 1536w, https://vidasilvestre.eu/wp-content/uploads/2026/03/WhatsApp-Image-2026-02-27-at-12.43.54-1-18x8.jpeg 18w, https://vidasilvestre.eu/wp-content/uploads/2026/03/WhatsApp-Image-2026-02-27-at-12.43.54-1.jpeg 2048w" sizes="auto, (max-width: 627px) 100vw, 627px" /><img loading="lazy" decoding="async" class="alignnone wp-image-269" src="http://vidasilvestre.eu/wp-content/uploads/2026/03/WhatsApp-Image-2026-02-23-at-22.55.47-300x168.jpeg" alt="" width="508" height="284" srcset="https://vidasilvestre.eu/wp-content/uploads/2026/03/WhatsApp-Image-2026-02-23-at-22.55.47-300x168.jpeg 300w, https://vidasilvestre.eu/wp-content/uploads/2026/03/WhatsApp-Image-2026-02-23-at-22.55.47-1024x572.jpeg 1024w, https://vidasilvestre.eu/wp-content/uploads/2026/03/WhatsApp-Image-2026-02-23-at-22.55.47-768x429.jpeg 768w, https://vidasilvestre.eu/wp-content/uploads/2026/03/WhatsApp-Image-2026-02-23-at-22.55.47-1536x858.jpeg 1536w, https://vidasilvestre.eu/wp-content/uploads/2026/03/WhatsApp-Image-2026-02-23-at-22.55.47-18x10.jpeg 18w, https://vidasilvestre.eu/wp-content/uploads/2026/03/WhatsApp-Image-2026-02-23-at-22.55.47.jpeg 2048w" sizes="auto, (max-width: 508px) 100vw, 508px" /></p>

<p>Fuimos invitados a la entrega de premios y ahí estamos cuatro Estimats Senyors i Senyores; Pere Valenciano té el plaer de convidar-los a la XIII edició dels PREMIS EL PERIÓDICO DE [&hellip;]</p>
