{"id":250,"date":"2026-03-09T21:20:44","date_gmt":"2026-03-09T21:20:44","guid":{"rendered":"http:\/\/vidasilvestre.eu\/?post_type=tribe_events&#038;p=250"},"modified":"2026-03-09T21:35:55","modified_gmt":"2026-03-09T21:35:55","slug":"pels-camins-de-laigua-ram-reial-sequia-de-moncada","status":"publish","type":"tribe_events","link":"https:\/\/vidasilvestre.eu\/ca\/event\/pels-camins-de-laigua-ram-reial-sequia-de-moncada\/","title":{"rendered":"PELS CAMINS DE L\u00b4AIGUA, RAM REIAL S\u00c9QUIA DE MONCADA"},"content":{"rendered":"<p><img loading=\"lazy\" decoding=\"async\" class=\"aligncenter wp-image-253 size-medium\" src=\"http:\/\/vidasilvestre.eu\/wp-content\/uploads\/2026\/03\/cartell-ruta-de-la-ram-300x300.jpg\" alt=\"\" width=\"300\" height=\"300\" srcset=\"https:\/\/vidasilvestre.eu\/wp-content\/uploads\/2026\/03\/cartell-ruta-de-la-ram-300x300.jpg 300w, https:\/\/vidasilvestre.eu\/wp-content\/uploads\/2026\/03\/cartell-ruta-de-la-ram-1024x1024.jpg 1024w, https:\/\/vidasilvestre.eu\/wp-content\/uploads\/2026\/03\/cartell-ruta-de-la-ram-150x150.jpg 150w, https:\/\/vidasilvestre.eu\/wp-content\/uploads\/2026\/03\/cartell-ruta-de-la-ram-768x768.jpg 768w, https:\/\/vidasilvestre.eu\/wp-content\/uploads\/2026\/03\/cartell-ruta-de-la-ram-1536x1536.jpg 1536w, https:\/\/vidasilvestre.eu\/wp-content\/uploads\/2026\/03\/cartell-ruta-de-la-ram-12x12.jpg 12w, https:\/\/vidasilvestre.eu\/wp-content\/uploads\/2026\/03\/cartell-ruta-de-la-ram.jpg 2048w\" sizes=\"auto, (max-width: 300px) 100vw, 300px\" \/><\/p>\n<p>&nbsp;<\/p>\n<p>Un recorrido de unos\u00a0 2,5 km, de dificultad muy baja, donde seguro que descubriremos que :\u00a0 La Real Acequia de Moncada es mucho m\u00e1s que una obra hidr\u00e1ulica, es un hilo vivo que une siglos de ingenio, trabajo y comunidad. Caminar junto a ella es redescubrir c\u00f3mo nuestros antepasados transformaron el territorio con sabidur\u00eda y respeto por el agua, creando un paisaje f\u00e9rtil que a\u00fan hoy nos sostiene. Esta ruta es una invitaci\u00f3n a mirar con orgullo nuestro patrimonio, a sentirnos parte de una historia compartida y a comprometernos con su cuidado para que siga fluyendo, como siempre, hacia el futuro.<\/p>\n<p>Siendo una actividad gratuita y con una aportaci\u00f3n de 5 \u20ac al personal que quiera acceder al final a una degustaci\u00f3n de la huerta valenciana.<\/p>","protected":false},"excerpt":{"rendered":"<p>&nbsp; Un recorrido de unos\u00a0 2,5 km, de dificultad muy baja, donde seguro que descubriremos que :\u00a0 La Real Acequia de Moncada es mucho m\u00e1s que una obra hidr\u00e1ulica, es [&hellip;]<\/p>\n","protected":false},"author":1,"featured_media":253,"template":"","meta":{"_price":"","_stock":"","_tribe_ticket_header":"","_tribe_default_ticket_provider":"","_tribe_ticket_capacity":"0","_ticket_start_date":"","_ticket_end_date":"","_tribe_ticket_show_description":"","_tribe_ticket_show_not_going":false,"_tribe_ticket_use_global_stock":"","_tribe_ticket_global_stock_level":"","_global_stock_mode":"","_global_stock_cap":"","_tribe_rsvp_for_event":"","_tribe_ticket_going_count":"","_tribe_ticket_not_going_count":"","_tribe_tickets_list":"[]","_tribe_ticket_has_attendee_info_fields":false,"_tribe_events_status":"","_tribe_events_status_reason":"","footnotes":"","_tec_slr_enabled":"","_tec_slr_layout":""},"tags":[],"tribe_events_cat":[],"class_list":["post-250","tribe_events","type-tribe_events","status-publish","has-post-thumbnail","hentry"],"ticketed":false,"_links":{"self":[{"href":"https:\/\/vidasilvestre.eu\/ca\/wp-json\/wp\/v2\/tribe_events\/250","targetHints":{"allow":["GET"]}}],"collection":[{"href":"https:\/\/vidasilvestre.eu\/ca\/wp-json\/wp\/v2\/tribe_events"}],"about":[{"href":"https:\/\/vidasilvestre.eu\/ca\/wp-json\/wp\/v2\/types\/tribe_events"}],"author":[{"embeddable":true,"href":"https:\/\/vidasilvestre.eu\/ca\/wp-json\/wp\/v2\/users\/1"}],"version-history":[{"count":3,"href":"https:\/\/vidasilvestre.eu\/ca\/wp-json\/wp\/v2\/tribe_events\/250\/revisions"}],"predecessor-version":[{"id":255,"href":"https:\/\/vidasilvestre.eu\/ca\/wp-json\/wp\/v2\/tribe_events\/250\/revisions\/255"}],"wp:featuredmedia":[{"embeddable":true,"href":"https:\/\/vidasilvestre.eu\/ca\/wp-json\/wp\/v2\/media\/253"}],"wp:attachment":[{"href":"https:\/\/vidasilvestre.eu\/ca\/wp-json\/wp\/v2\/media?parent=250"}],"wp:term":[{"taxonomy":"post_tag","embeddable":true,"href":"https:\/\/vidasilvestre.eu\/ca\/wp-json\/wp\/v2\/tags?post=250"},{"taxonomy":"tribe_events_cat","embeddable":true,"href":"https:\/\/vidasilvestre.eu\/ca\/wp-json\/wp\/v2\/tribe_events_cat?post=250"}],"curies":[{"name":"wp","href":"https:\/\/api.w.org\/{rel}","templated":true}]}}

PELS CAMINS DE L´AIGUA, RAM REIAL SÉQUIA DE MONCADA

<p><img loading="lazy" decoding="async" class="aligncenter wp-image-253 size-medium" src="http://vidasilvestre.eu/wp-content/uploads/2026/03/cartell-ruta-de-la-ram-300x300.jpg" alt="" width="300" height="300" srcset="https://vidasilvestre.eu/wp-content/uploads/2026/03/cartell-ruta-de-la-ram-300x300.jpg 300w, https://vidasilvestre.eu/wp-content/uploads/2026/03/cartell-ruta-de-la-ram-1024x1024.jpg 1024w, https://vidasilvestre.eu/wp-content/uploads/2026/03/cartell-ruta-de-la-ram-150x150.jpg 150w, https://vidasilvestre.eu/wp-content/uploads/2026/03/cartell-ruta-de-la-ram-768x768.jpg 768w, https://vidasilvestre.eu/wp-content/uploads/2026/03/cartell-ruta-de-la-ram-1536x1536.jpg 1536w, https://vidasilvestre.eu/wp-content/uploads/2026/03/cartell-ruta-de-la-ram-12x12.jpg 12w, https://vidasilvestre.eu/wp-content/uploads/2026/03/cartell-ruta-de-la-ram.jpg 2048w" sizes="auto, (max-width: 300px) 100vw, 300px" /></p>
<p>&nbsp;</p>
<p>Un recorrido de unos  2,5 km, de dificultad muy baja, donde seguro que descubriremos que :  La Real Acequia de Moncada es mucho más que una obra hidráulica, es un hilo vivo que une siglos de ingenio, trabajo y comunidad. Caminar junto a ella es redescubrir cómo nuestros antepasados transformaron el territorio con sabiduría y respeto por el agua, creando un paisaje fértil que aún hoy nos sostiene. Esta ruta es una invitación a mirar con orgullo nuestro patrimonio, a sentirnos parte de una historia compartida y a comprometernos con su cuidado para que siga fluyendo, como siempre, hacia el futuro.</p>
<p>Siendo una actividad gratuita y con una aportación de 5 € al personal que quiera acceder al final a una degustación de la huerta valenciana.</p>

<p>&nbsp; Un recorrido de unos  2,5 km, de dificultad muy baja, donde seguro que descubriremos que :  La Real Acequia de Moncada es mucho más que una obra hidráulica, es [&hellip;]</p>
